ommon factor of 249 and 3.
3
What is the highest common divisor of 16 and 296?
8
Calculate the highest common factor of 24096 and 32.
32
What is the greatest common divisor of 120 and 6504?
24
What is the highest common divisor of 136 and 748?
68
What is the greatest common divisor of 39 and 1131?
39
What is the greatest common divisor of 225 and 6225?
75
Calculate the highest common divisor of 1062 and 54.
18
Calculate the greatest common divisor of 6 and 358.
2
What is the greatest common divisor of 1112 and 8?
8
Calculate the greatest common factor of 22 and 121.
11
What is the highest common factor of 2 and 3?
1
Calculate the greatest common divisor of 1212 and 60.
12
Calculate the highest common divisor of 128 and 2.
2
Calculate the greatest common factor of 45 and 495.
45
Calculate the greatest common factor of 6750 and 500.
250
What is the highest common factor of 5613 and 6?
3
What is the highest common factor of 432 and 48?
48
What is the greatest common factor of 82 and 5248?
82
Calculate the highest common factor of 75 and 4335.
15
What is the highest common divisor of 49 and 350?
7
Calculate the greatest common divisor of 6 and 18.
6
Calculate the greatest common divisor of 2334 and 6.
6
Calculate the highest common factor of 204 and 3009.
51
What is the highest common factor of 2635 and 170?
85
Calculate the highest common divisor of 2158 and 83.
83
Calculate the highest common divisor of 14 and 77.
7
What is the greatest common factor of 39 and 1248?
39
What is the highest common factor of 9 and 279?
9
What is the greatest common divisor of 102 and 9741?
51
What is the highest common factor of 12 and 3436?
4
What is the greatest common factor of 32 and 5776?
16
Calculate the greatest common divisor of 240 and 288.
48
What is the greatest common factor of 110 and 1705?
55
What is the highest common factor of 4163 and 23?
23
What is the highest common divisor of 606 and 9393?
303
Calculate the greatest common factor of 1254 and 228.
114
Calculate the highest common factor of 1755 and 65.
65
What is the greatest common divisor of 6 and 1332?
6
What is the highest common factor of 377 and 2291?
29
What is the highest common divisor of 14 and 1232?
14
Calculate the greatest common divisor of 90 and 390.
30
What is the highest common divisor of 17 and 4063?
17
What is the highest common factor of 17 and 5?
1
What is the highest common factor of 340 and 8?
4
Calculate the greatest common divisor of 3859 and 17.
17
Calculate the highest common divisor of 869 and 22.
11
Calculate the greatest common factor of 2092 and 8.
4
What is the highest common factor of 14 and 161?
7
Calculate the highest common factor of 1200 and 880.
80
Calculate the greatest common factor of 15 and 2265.
15
What is the highest common factor of 10 and 4450?
10
What is the highest common factor of 820 and 1660?
20
Calculate the highest common divisor of 19 and 2033.
19
What is the highest common divisor of 4921 and 1197?
133
What is the greatest common divisor of 9 and 243?
9
What is the greatest common factor of 58 and 2?
2
What is the greatest common factor of 66 and 369?
3
Calculate the highest common divisor of 228 and 300.
12
What is the greatest common factor of 688 and 774?
86
What is the highest common factor of 1178 and 38?
38
Calculate the greatest common divisor of 83 and 2988.
83
Calculate the greatest common factor of 3460 and 60.
20
Calculate the highest common divisor of 135 and 90.
45
Calculate the highest common factor of 5 and 85.
5
Calculate the highest common divisor of 94 and 15886.
94
Calculate the highest common factor of 145 and 2755.
145
Calculate the highest common divisor of 126 and 3843.
63
What is the greatest common factor of 12 and 96?
12
What is the greatest common factor of 3 and 81?
3
What is the greatest common divisor of 407 and 2072?
37
What is the greatest common factor of 13960 and 40?
40
What is the highest common divisor of 33167 and 17?
17
What is the highest common divisor of 232 and 2059?
29
What is the highest common factor of 153 and 18?
9
Calculate the highest common divisor of 1800 and 72.
72
What is the highest common divisor of 1463 and 154?
77
What is the highest common factor of 18 and 1146?
6
Calculate the highest common divisor of 1089 and 3872.
121
What is the highest common divisor of 699 and 6?
3
What is the greatest common factor of 72 and 3852?
36
Calculate the highest common factor of 134 and 7102.
134
Calculate the greatest common divisor of 52 and 48.
4
Calculate the greatest common factor of 286 and 26.
26
What is the highest common divisor of 50 and 2325?
25
Calculate the greatest common divisor of 6 and 94.
2
What is the greatest common factor of 35 and 441?
7
What is the greatest common factor of 975 and 39?
39
What is the highest common factor of 51 and 425?
17
What is the greatest common factor of 26 and 4537?
13
What is the greatest common divisor of 26 and 22?
2
Calculate the highest common factor of 384 and 10496.
128
Calculate the highest common divisor of 794 and 4.
2
Calculate the greatest common factor of 318 and 12.
6
What is the greatest common factor of 128 and 704?
64
What is the greatest common factor of 912 and 57?
57
What is the highest common factor of 361 and 2375?
19
Calculate the greatest common factor of 8 and 152.
8
What is the highest common divisor of 553 and 79?
79
Calculate the greatest common divisor of 1485 and 11.
11
What is the greatest common factor of 16 and 120?
8
What is the highest common divisor of 1258 and 34?
34
What is the greatest common factor of 782 and 119?
17
What is the highest common factor of 65 and 247?
13
What is the highest common divisor of 105 and 140?
35
Calculate the greatest common factor of 1480 and 30.
10
Calculate the highest common divisor of 45 and 135.
45
What is the highest common factor of 10 and 1260?
10
Calculate the highest common divisor of 7695 and 95.
95
Calculate the highest common factor of 585 and 75.
15
What is the greatest common divisor of 221 and 187?
17
Calculate the highest common divisor of 287 and 231.
7
What is the highest common divisor of 304 and 7448?
152
Calculate the greatest common factor of 9387 and 126.
63
What is the greatest common factor of 50 and 350?
50
What is the greatest common factor of 72 and 180?
36
Calculate the greatest common factor of 32 and 208.
16
Calculate the greatest common factor of 2 and 61.
1
Calculate the greatest common factor of 1585 and 20.
5
What is the greatest common factor of 19278 and 54?
54
Calculate the highest common factor of 22 and 1397.
11
What is the highest common divisor of 1505 and 35?
35
What is the greatest common factor of 72 and 936?
72
Calculate the highest common divisor of 208 and 2184.
104
Calculate the greatest common divisor of 51 and 340.
17
What is the greatest common factor of 256 and 1584?
16
Calculate the highest common factor of 551 and 232.
29
Calculate the greatest common factor of 27 and 4887.
27
Calculate the highest common divisor of 272 and 22168.
136
Calculate the greatest common divisor of 17 and 5.
1
Calculate the highest common factor of 5 and 1915.
5
Calculate the greatest common factor of 555 and 5920.
185
What is the highest common divisor of 851 and 37?
37
What is the highest common factor of 250 and 2375?
125
Calculate the greatest common divisor of 250 and 6.
2
Calculate the greatest common divisor of 5136 and 384.
48
What is the highest common factor of 2848 and 89?
89
What is the greatest common factor of 4109 and 14?
7
What is the greatest common factor of 2183 and 74?
37
Calculate the highest common factor of 314 and 2.
2
Calculate the highest common factor of 38 and 7619.
19
Calculate the greatest common factor of 5073 and 228.
57
What is the highest common divisor of 28 and 1556?
4
Calculate the highest common factor of 316 and 3002.
158
Calculate the greatest common divisor of 74 and 3811.
37
Calculate the highest common divisor of 6195 and 105.
105
What is the highest common factor of 184 and 437?
23
Calculate the greatest common factor of 909 and 18.
9
Calculate the greatest common factor of 103 and 11639.
103
Calculate the highest common divisor of 595 and 70.
35
Calculate the greatest common divisor of 13 and 2249.
13
Calcul